{"id":324,"date":"2022-09-27T16:27:50","date_gmt":"2022-09-27T14:27:50","guid":{"rendered":"https:\/\/recov19.uni-bremen.de\/?page_id=324"},"modified":"2022-09-27T16:27:50","modified_gmt":"2022-09-27T14:27:50","slug":"legal-disclosure-impressum","status":"publish","type":"page","link":"https:\/\/recov19.uni-bremen.de\/index.php\/legal-disclosure-impressum\/","title":{"rendered":"Legal Disclosure\/Impressum"},"content":{"rendered":"\n<h2 class=\"wp-block-heading\">Information in accordance with Section 5 TMG<\/h2>\n\n\n\n<p>Universit\u00e4ts-Boulevard 18<br>Sportturm (SpT)<br>Institut f\u00fcr Religionswissenschaft und -p\u00e4dagogik<br>28359 Bremen<br><\/p>\n\n\n\n<h2 class=\"wp-block-heading\">Represented by<\/h2>\n\n\n\n<p>Prof. Dr. Kerstin Radde-Antweiler<br>Institut f\u00fcr Religionswissenschaft und -p\u00e4dagogik<br>Sportturm (SpT)<br>Universit\u00e4ts-Boulevard 18<br>28359 Bremen<\/p>\n\n\n\n<h2 class=\"wp-block-heading\">Contact Information<\/h2>\n\n\n\n<p>Telephone: +49 (0)421 218 67911<br>E-Mail: <a rel=\"noreferrer noopener\" href=\"mailto:recov19@uni-bremen.de\" target=\"_blank\">recov19@uni-bremen.de<\/a><br>Website: <a href=\"https:\/\/recov19.uni-bremen.de\" data-type=\"URL\" data-id=\"https:\/\/recov19.uni-bremen.de\">recov19.uni-bremen.de<\/a><\/p>\n\n\n\n<h2 class=\"wp-block-heading\">Disclaimer<\/h2>\n\n\n\n<h3 class=\"wp-block-heading\">Accountability for content<\/h3>\n\n\n\n<p>The contents of our pages have been created with the utmost care. However, we cannot guarantee the contents\u2019 accuracy, completeness or topicality. According to statutory provisions, we are furthermore responsible for our own content on these web pages. In this matter, please note that we are not obliged to monitor the transmitted or saved information of third parties, or investigate circumstances pointing to illegal activity. Our obligations to remove or block the use of information under generally applicable laws remain unaffected by this as per \u00a7\u00a7 8 to 10 of the Telemedia Act (TMG).<\/p>\n\n\n\n<h3 class=\"wp-block-heading\">Accountability for links<\/h3>\n\n\n\n<p>Responsibility for the content of external links (to web pages of third parties) lies solely with the operators of the linked pages. No violations were evident to us at the time of linking. Should any legal infringement become known to us, we will remove the respective link immediately.<\/p>\n\n\n\n<h3 class=\"wp-block-heading\">Copyright<\/h3>\n\n\n\n<p>Our web pages and their contents are subject to German copyright law. Unless expressly permitted by law, every form of utilizing, reproducing or processing works subject to copyright protection on our web pages requires the prior consent of the respective owner of the rights. Individual reproductions of a work are only allowed for private use. The materials from these pages are copyrighted and any unauthorized use may violate copyright laws.<\/p>\n","protected":false},"excerpt":{"rendered":"<p>Information in accordance with Section 5 TMG Universit\u00e4ts-Boulevard 18Sportturm (SpT)Institut f\u00fcr Religionswissenschaft und -p\u00e4dagogik28359 Bremen Represented by Prof. Dr. Kerstin Radde-AntweilerInstitut f\u00fcr Religionswissenschaft und -p\u00e4dagogikSportturm (SpT)Universit\u00e4ts-Boulevard 1828359 Bremen Contact Information Telephone: +49 (0)421 218 67911E-Mail: recov19@uni-bremen.deWebsite: recov19.uni-bremen.de Disclaimer Accountability for content The contents of our pages have been created with the utmost care. However, we [&hellip;]<\/p>\n","protected":false},"author":1,"featured_media":0,"parent":0,"menu_order":0,"comment_status":"closed","ping_status":"closed","template":"","meta":{"footnotes":""},"class_list":["post-324","page","type-page","status-publish","hentry"],"_links":{"self":[{"href":"https:\/\/recov19.uni-bremen.de\/index.php\/wp-json\/wp\/v2\/pages\/324","targetHints":{"allow":["GET"]}}],"collection":[{"href":"https:\/\/recov19.uni-bremen.de\/index.php\/wp-json\/wp\/v2\/pages"}],"about":[{"href":"https:\/\/recov19.uni-bremen.de\/index.php\/wp-json\/wp\/v2\/types\/page"}],"author":[{"embeddable":true,"href":"https:\/\/recov19.uni-bremen.de\/index.php\/wp-json\/wp\/v2\/users\/1"}],"replies":[{"embeddable":true,"href":"https:\/\/recov19.uni-bremen.de\/index.php\/wp-json\/wp\/v2\/comments?post=324"}],"version-history":[{"count":1,"href":"https:\/\/recov19.uni-bremen.de\/index.php\/wp-json\/wp\/v2\/pages\/324\/revisions"}],"predecessor-version":[{"id":325,"href":"https:\/\/recov19.uni-bremen.de\/index.php\/wp-json\/wp\/v2\/pages\/324\/revisions\/325"}],"wp:attachment":[{"href":"https:\/\/recov19.uni-bremen.de\/index.php\/wp-json\/wp\/v2\/media?parent=324"}],"curies":[{"name":"wp","href":"https:\/\/api.w.org\/{rel}","templated":true}]}}